*v + 68249. Determine t(-9).
-124
Let h(f) = 194*f**2 + 1603*f + 1604. Calculate h(-1).
195
Let f(t) = 385*t**2 + 296*t - 3. Give f(1).
678
Let r(w) = 12*w**3 + 142*w**2 + 3186*w + 38519. What is r(-12)?
-1
Let v(i) = -38*i**3 - 310*i**2 + 20*i + 78. Calculate v(-8).
-466
Let v(w) = 2*w**3 - 77*w**2 + 157*w + 2962. Give v(35).
-118
Let t(n) = -15160*n + 181575. Calculate t(12).
-345
Let n(z) = 320*z**2 + 200308*z - 7507. Calculate n(-626).
5
Let a(y) = -y**3 + 33*y**2 + 947*y - 1442. Calculate a(51).
37
Let i(x) = 12813*x - 64009. Give i(5).
56
Let z(i) = -i**2 - 1312*i - 77595. Determine z(-62).
-95
Let p(s) = -2*s**2 - 35*s + 14875. Calculate p(78).
-23
Let y(i) = -i**2 - 191*i + 37511. Give y(-311).
191
Let m(n) = 12*n**2 + 75*n - 41. Give m(0).
-41
Let t(v) = -7*v**2 + 7361*v + 66160. Calculate t(-9).
-656
Let i(b) = b**3 - 69*b**2 - 262*b + 259. Calculate i(73).
2449
Let f(o) = -337*o - 27644. Determine f(-76).
-2032
Let z(r) = 2*r**2 + 5239*r + 256945. What is z(-50)?
-5
Let g(r) = 19771*r + 79102. Calculate g(-4).
18
Let r(s) = -6*s**3 - 146*s**2 + 32*s + 9. Determine r(-24).
-1911
Let o(p) = 13*p**2 + 473142*p + 473143. What is o(-1)?
14
Let b(y) = y**3 - 58*y**2 - 117*y - 191. Calculate b(60).
-11
Let m(y) = 31*y**3 + 13*y**2 - 471*y - 933. Calculate m(-2).
-187
Let y(i) = -i**2 + 730*i - 32028. Determine y(47).
73
Let v(t) = -5911*t + 35498. Determine v(6).
32
Let t(p) = 30411*p - 760261. Calculate t(25).
14
Let i(j) = -25*j**2 + 15*j + 221. Calculate i(8).
-1259
Let v(g) = 4*g**3 + 55*g**2 - 157*g - 1973. Give v(-14).
29
Let z(s) = 5068*s + 25210. Give z(-5).
-130
Let g(n) = -n**2 - 24740*n + 123715. Give g(5).
-10
Let h(s) = 3*s**2 - 42758*s + 1109682. Determine h(26).
2
Let d(i) = 8*i**3 + 524*i**2 - 807*i - 74. Give d(-67).
127
Let i(d) = -323*d**2 - 29382*d + 1001. Give i(-91).
0
Let c(l) = -5*l**3 - 5*l**2 - 1338*l - 8213. Calculate c(-6).
715
Let c(s) = s**3 + 17767*s**2 + 53305*s + 37. What is c(-3)?
-2
Let o(z) = 3*z**2 - 107*z + 41. Calculate o(0).
41
Let k(x) = -x**3 - 27*x**2 + 180*x + 5368. Give k(-15).
-32
Let q(j) = -137176*j - 9739501. Give q(-71).
-5
Let n(x) = 4*x**3 - 386*x**2 + 1660*x - 186. Give n(92).
182
Let t(p) = p**3 + 417*p**2 + 447*p + 12904. Give t(-416).
8
Let s(q) = -q**2 - 489*q + 1931. Calculate s(-493).
-41
Let w(x) = -2*x**2 - 46563*x + 465820. Calculate w(10).
-10
Let d(m) = -1187*m - 66593. What is d(-57)?
1066
Let w(b) = -36*b**2 + 12118*b + 12112. Give w(-1).
-42
Let f(x) = -523*x**2 + 14656*x - 236. What is f(28)?
100
Let b(k) = 32*k - 3888. Give b(118).
-112
Let y(a) = -a**3 - 36*a**2 + 7*a - 1287. Calculate y(-38).
1335
Let a(d) = 69*d**2 + 5243*d - 77. Calculate a(-76).
-1
Let m(f) = f**3 - 79*f**2 - 872*f + 57527. Give m(81).
17
Let p(j) = 3*j**3 + 10*j**2 + 23*j + 132. Calculate p(-8).
-948
Let h(x) = 167*x - 15347. Give h(87).
-818
Let a(l) = -134*l**2 + 76636*l + 6892. Calculate a(572).
28
Let w(o) = 16*o**2 + 488*o + 346. Give w(-30).
106
Let v(r) = 2*r**3 - 406*r**2 - 6654*r - 1705. Determine v(-15).
5
Let l(m) = m**3 + 1480*m**2 + 63202*m + 790. Give l(-44).
-2
Let o(b) = -b**3 + 21*b**2 - 177*b + 426. Determine o(4).
-10
Let s(c) = -c**2 + 5937*c + 5104605. Give s(-762).
-33
Let y(a) = 4*a**3 + 458*a**2 + 224*a - 472. Give y(-114).
-16
Let s(o) = -11320*o + 1245101. Give s(110).
-99
Let q(c) = c**2 + 70*c - 8987. Give q(-136).
-11
Let t(j) = -26068*j + 52147. What is t(2)?
11
Let b(j) = -206*j**2 - 8860*j - 80. Calculate b(-43).
6
Let a(k) = -2*k**2 - 114*k - 1410. Calculate a(-37).
70
Let u(a) = -212*a - 80. Determine u(3).
-716
Let g(l) = -2*l**2 + 1068*l - 106228. Determine g(132).
-100
Let b(y) = 734*y - 838. What is b(1)?
-104
Let h(z) = -24*z**2 - 1846*z + 9320. Calculate h(5).
-510
Let m(y) = -340716*y + 1362859. Calculate m(4).
-5
Let h(f) = -9*f**2 + 24*f + 68. What is h(-7)?
-541
Let d(q) = 737*q - 2593. Give d(2).
-1119
Let f(y) = 7958*y + 541159. What is f(-68)?
15
Let a(c) = 157*c**2 + 11774*c - 82. Calculate a(-75).
-7
Let n(r) = -r**3 - 84*r**2 + 326*r - 3855. What is n(-88)?
-1567
Let q(n) = -2*n**3 + 264*n**2 - 308*n + 76292. Give q(133).
-50
Let h(z) = 604*z**2 - 47724*z + 627. Calculate h(79).
-5
Let c(v) = -34*v**2 + 6094*v - 1472. What is c(179)?
-40
Let z(s) = 30214*s - 1238304. Determine z(41).
470
Let s(k) = -k**3 + 91*k**2 + 1449*k + 2206. Calculate s(105).
1
Let z(r) = -5*r**3 - 171*r**2 - 68*r + 20. Calculate z(-34).
1176
Let r(m) = -m**3 + 119*m**2 - 5068*m + 565583. Calculate r(117).
5
Let o(m) = -59608*m + 774821. Determine o(13).
-83
Let a(k) = 23138*k + 231287. Give a(-10).
-93
Let w(k) = -27831*k - 249953. Give w(-9).
526
Let b(o) = 276*o**2 - 4695*o - 4909. What is b(18)?
5
Let g(z) = 6*z**2 - 135*z + 843. Determine g(9).
114
Let d(r) = 433*r + 41308. Determine d(-89).
2771
Let a(d) = d**2 - 313*d - 159354. What is a(585)?
-234
Let h(w) = -50075*w - 250573. Determine h(-5).
-198
Let l(p) = 6489*p + 26194. What is l(-4)?
238
Let t(h) = 492*h - 16539. Give t(31).
-1287
Let d(u) = -176*u - 34875. What is d(-196)?
-379
Let j(i) = -16*i**3 + 9*i**2 + 13*i + 104. What is j(-5)?
2264
Let h(s) = 485*s**2 - 5340*s - 12540. What is h(13)?
5
Let p(a) = a**2 - 319*a + 8035. Calculate p(292).
151
Let p(l) = l**3 + 10*l**2 + 2803*l + 11121. Determine p(-4).
5
Let c(q) = -46671*q + 13767954. Calculate c(295).
9
Let a(p) = -2*p**2 - 8225*p + 1164339. Give a(137).
-24
Let d(z) = -15*z**2 + 552*z - 4918. Calculate d(17).
131
Let x(h) = -h**3 - 8*h**2 - 367*h + 25. Give x(-11).
4425
Let t(o) = -1965*o - 3661. Give t(-2).
269
Let u(k) = 17*k + 580. What is u(-1)?
563
Let y(u) = -u**3 + 33*u**2 - 277*u + 36. What is y(12)?
-264
Let p(k) = 18*k**2 + 2169*k + 4743. Calculate p(-118).
-567
Let y(b) = -b**3 - 41*b**2 - 17*b + 775. Give y(-40).
-145
Let r(u) = 125*u**3 + u**2 + 2517*u + 10. Determine r(0).
10
Let l(z) = -2*z**2 + 17229*z - 51684. Determine l(3).
-15
Let n(s) = 1183*s - 718075. Give n(607).
6
Let i(a) = -1436*a**3 - 6*a**2 - 3982*a - 3975. Give i(-1).
1437
Let t(m) = -30096*m + 9510312. What is t(316)?
-24
Let y(o) = 41078*o - 17458148. Determine y(425).
2
Let z(l) = -l**2 + 355*l - 4490. Calculate z(17).
1256
Let m(i) = 2*i**3 + 138*i**2 - 13*i + 228. Determine m(0).
228
Let b(d) = -d**3 - d**2 - 639*d + 4467. Determine b(7).
-398
Let d(s) = 18*s**2 + 494*s + 1556. Determine d(-7).
-1020
Let a(i) = 3*i**2 + 145495*i - 1600809. What is a(11)?
-1
Let n(y) = 29198*y + 700759. Calculate n(-24).
7
Let h(w) = -w**2 + 28*w + 355. Calculate h(49).
-674
Let j(z) = 3458*z - 338885. Calculate j(98).
-1
Let b(g) = 214*g - 26360. What is b(122)?
-252
Let o(j) = 50*j**2 - 2283*j + 39. What is o(45)?
-1446
Let i(w) = -1796*w**2 - 11065*w - 1742. Calculate i(-6).
-8
Let f(z) = z**3 - 6*z**2 - 218*z - 320. Give f(-17).
-3261
Let t(n) = -11*n**2 + 1012*n - 21393. What is t(33)?
24
Let f(r) = -14*r**2 + 44*r + 151. Calculate f(-2).
7
Let z(b) = 9003*b - 44978. Calculate z(5).
37
Let v(j) = 11*j**2 + 2545*j + 12700. Determine v(-5).
250
Let f(i) = 834789*i - 3339159. What is f(4)?
-3
Let q(g) = 696*g + 2246. What is q(-6)?
-1930
Let p(m) = 1719*m + 6743. Give p(-4).
-133
Let s(u) = 2*u**3 + 2*u**2 - 502*u + 1478. Give s(3).
44
Let p(d) = 192053*d - 5953643. Give p(31).
0
Let a(h) = -13259*h**2 + 26507*h + 20. What is a(2)?
-2
Let i(t) = -1222304*t - 7333822. What is i(-6)?
2
Let i(u) = -2*u**2 + 99*u - 2626. Give i(32).
-1506
Let o(u) = -16*u**2 + 90*u - 190. What is o(6)?
-226
Let m(i) = -269*i + 3662. Give m(13).
165
Let c(z) = -119786*z + 3114360. What is c(26)?
-76
Let v(c) = c**3 + 227*c**2 + 178*c - 10795. Calculate v(-226).
53
Let s(h) = 31*h**3 + 11*h**2 + 44*h + 1. What is s(-4)?
-1983
Let t(y) = 127*y + 8435. Calculate t(-61).
688
Let f(h) = -5875*h + 157910. Determine f(27).
-715
Let o(l) = l**3 - 60*l**2 + 461*l - 43. What is o(9)?
-25
Let a(z) = -10*z**2 - 52*z + 422. Determine a(7).
-432
Let u(d) = 699*d - 19498. Determine u(28).
74
Let g(i) = i**3 + 263*i**2 + 10798*i - 629. Give g(-51).
85
Let x(w) = -3*w**2 + 220*w - 4018. What is x(35)?
7
Let n(a) = -4*a**2 + 1603*a + 11821. Give n(408).
-11
Let n(l) = 3*l**2 - 1490*l - 24093. What is n(-16)?
515
Let l(s) = 135*s - 2232. Determine l(10).
-882
Let a(l) = 251497*l - 1257478. Give a(5).
7
Let g(p) = -328*p - 